0. Suppose 7*x - 8 = -4*h + 3*x, -3*h + 3*x = -24. Is g(h) prime?
False
Let l = 38360 + -19743. Is l composite?
False
Let f(j) = j**3 - 27*j**2 - 32*j + 58. Let o be f(28). Let m be (134/(-4) - 0)*o. Suppose 2*v = 8, -1910 - m = -5*s - v. Is s composite?
False
Let n(o) = -179*o - 127*o - 1 - 376*o. Let m = 276 - 278. Is n(m) a prime number?
False
Suppose 6*l = 80*l - 1459058. Is l composite?
False
Let d(b) = -32720*b - 1629. Is d(-2) composite?
True
Suppose -j + 524272 = 4*n - 206810, 0 = -3*n + 4*j + 548321. Suppose r = -3*u + 59096 + 50565, 3*r = -5*u + n. Is u composite?
True
Let z be (3 + -24)/(-3)*(3 - 4). Let k(o) = -o**3 - 5*o**2 + 14*o + 2. Let n be k(z). Suppose 2*g = 8, -n*g + 5*g = -4*v + 496. Is v prime?
False
Let b be 4/(1 - -1) + (-1958)/178. Is (((-195)/10)/13)/(b/18222) composite?
False
Let p = 342752 - 214563. Is p a prime number?
True
Suppose 9*l - 14*l = -10. Suppose y = d + 1165, 4*y = -l*d + 3134 + 1532. Let u = y - -1151. Is u a prime number?
False
Let c = 21 - 13. Suppose 4*n - 2675 = s, -c*s = -6*s - 2. Is n composite?
True
Let v = 45 - 50. Let o(w) = 146*w**2 + 3*w + 2. Is o(v) composite?
False
Suppose -27013549 = -131*n + 26370130. Is n prime?
True
Let q be 2/12 - (-267)/18. Suppose -13*p + 10*p = -q. Is p/(-3) + (-1568)/(-3) composite?
False
Let y be ((-3980)/30)/(2/(-75)). Suppose y = 3*x - 2*h, 5*h = x + 2*h - 1663. Is x a prime number?
True
Let n be (11 - (-7 + 14)) + 653. Suppose 3*v - 2058 = -n. Is v a prime number?
True
Let v be (-15)/35*-1*7/1. Suppose -3*h + 12 = 27, 0 = v*g + 4*h - 12127. Is g prime?
True
Suppose 0 = -21*x - 83*x + 117374192. Is x a composite number?
True
Let f = 1542 - 774. Let j = f + -437. Is j a prime number?
True
Let i(p) = 305*p**3 + 9*p**2 - p + 23. Is i(6) composite?
False
Let x be (-4424)/1 - (0 + 0). Suppose -2*l - 2*m + 14146 = 0, -6246 = -5*l + 4*m + 29119. Let a = x + l. Is a a prime number?
False
Let o(i) = 2*i + 8. Suppose -2*h - 3*h = -3*h. Let t be o(h). Let r(g) = 12*g - 31. Is r(t) a prime number?
False
Let t(m) be the third derivative of 961*m**4/12 + m**3/2 + 135*m**2. Is t(2) a composite number?
False
Let c(n) be the second derivative of n**4/4 - 3*n**3 + n**2 + 4*n. Let r be c(-15). Suppose s + 2*w - r + 60 = 0, -1794 = -2*s + w. Is s a prime number?
False
Let n be ((-5648)/6)/(4/(-6)). Let k = n + -346. Let g = k + 295. Is g prime?
True
Let k be (-9 - (-1)/1)*(-176)/32. Let c = k + -47. Let a(r) = 48*r**2 - 2*r - 1. Is a(c) prime?
False
Let o = -2988 + 3073. Is o a prime number?
False
Let z be (133/21 - 7)*(-9)/(-2). Let i be -1 - -4005 - (-1 + z - -1). Suppose -7*o = -i - 2370. Is o a prime number?
True
Suppose 7 = -3*q + 1. Let w be 155/((-6)/8*q/9). Suppose g + 5*g = w. Is g prime?
False
Let w(h) = 39*h**2 + 36*h + 509. Is w(50) composite?
False
Suppose 3*l - 3*m = 15, -3*l = -m - 3 - 12. Suppose 4*t - 5*i = 48933, 4*t - 4586 = -l*i + 44297. Is t prime?
True
Let y(s) be the first derivative of -3*s**4/4 + 4*s**3/3 + 9*s**2/2 + 37*s - 110. Is y(-8) a prime number?
False
Is 2574531/119 - (-4)/14 a composite number?
True
Suppose 3*l - 8*l = -80. Let i be l/20*(1 - (2 + -10266)). Suppose i = -3*j + 7*j. Is j a prime number?
True
Suppose -k + 1 = 4, -k = -3*t + 6123. Let b = 1319 + t. Is b prime?
True
Let u(l) = 7*l**2 - 12*l - 102. Let x = 444 - 463. Is u(x) prime?
False
Let z be (-7 - (-78)/(-30))/((-3)/1840). Let d = -2733 + z. Is d composite?
True
Suppose 13*h = -31330 - 18330. Let j = h - -6633. Is j a prime number?
False
Suppose 2 = g, 3*z - z + 4*g - 14 = 0. Suppose 0*j = 3*j + 9, 3*s = -z*j + 750. Is s composite?
True
Let i = -5038 + 28779. Is i prime?
True
Let x = 409 - 230. Suppose -x + 491 = 4*w - 4*p, 2*p = -5*w + 383. Is w prime?
False
Let g(a) = 4097*a - 2904. Is g(19) a composite number?
True
Let i be 0 + 0 + 5*(-4)/(-20). Let w be (-35)/(-4) + (-9)/12 + i. Let b(p) = 123*p - 10. Is b(w) composite?
False
Suppose 3*h = 3*g - 3, -3*g = -5*h + g - 2. Let d be 11/(-77) + h/14 + 5. Is 4366/(d - (8 + -5)) a composite number?
True
Let f(v) = 9*v**3 - 3*v**2 + 3*v - 1. Let m be f(1). Suppose 4*x - 3*l - 10336 = -m*l, -2*x + 5146 = -3*l. Is x composite?
False
Let y = -765784 - -1154381. Is y a composite number?
True
Suppose 302*j + 1871210 = 307*j - 5*p, p = 2*j - 748479. Is j a prime number?
False
Suppose 0 = -18*a - 16*a + 189754. Is a a prime number?
True
Suppose -25302 + 711133 = 17*h. Is h prime?
True
Let i(q) = 9*q - q**2 - 2*q**3 - 19*q + 9*q + 5*q + q - 19. Is i(-6) a composite number?
False
Suppose 35*b + 21 = 42*b. Is (6 - b)*1*2963/3 a composite number?
False
Let n(b) = -523*b + 344. Is n(-9) a prime number?
True
Suppose 32633 = -4*w + 12781. Let y = w - -9348. Is y prime?
False
Suppose -11*s + 16*s = 32830. Suppose 13*t + s - 48439 = 0. Is t a prime number?
True
Let m be (17/(-2))/(8/16928)*-1. Let p = 26055 - m. Is p composite?
False
Let h(c) = 51*c**2 + 114*c + 4444. Is h(-37) prime?
False
Let s(p) = -8 - 62*p - 59*p + 122*p. Let h be s(18). Suppose h*j + 1479 = 13*j. Is j a composite number?
True
Is (52283 - 1)/((-696)/60 - -12) a prime number?
False
Let m = 10882 + -4257. Let t be (375/625)/((-1)/(-5)). Suppose -938 = -t*g + m. Is g composite?
False
Suppose 5*k - 3*t - 1984900 = 0, 0 = -40*k + 38*k + 2*t + 793956. Is k prime?
True
Let w(m) = 17*m + 49*m + 52 - 12*m + 27*m. Suppose 92 = 4*g - 2*s, 2*s - 29 = -g + 4*s. Is w(g) a prime number?
True
Let h be ((-33)/55)/(6/(-20)). Suppose 6*j - 56126 = h*j + 5*x, 4*x = 3*j - 42095. Is j a prime number?
True
Let v(r) = 6*r - 14. Let z be v(8). Let f = z + -31. Suppose 2*p - 1895 = -f*p. Is p a composite number?
False
Suppose 3*a + 17350 = 106. Is 6*(-3)/12*a/18 a prime number?
True
Let m(y) = 1603*y**3 - y**2 - 5*y + 11. Is m(2) prime?
True
Suppose 13*n - 26439 = 115040. Is n prime?
True
Is 1468587/29 - (-254)/3683 a composite number?
True
Let m be (((-6)/(-9))/1 + 5)*12. Suppose -6*f + 154 = -m. Is f composite?
False
Suppose 960 = 12*k - 4*k. Is k/80 + (-1)/(-2)*22585 a composite number?
True
Let z(q) = 2381*q - 3*q**3 - 3 - 2381*q - 5*q**2. Let y be z(4). Let v = -157 - y. Is v a prime number?
False
Let a(q) = 4*q**3 - 5*q**2 + 7. Suppose 7*j + 77 - 329 = 0. Suppose -j = -5*t + 2*i, 0 = 2*t - i + 3*i - 6. Is a(t) a composite number?
False
Suppose 5 = -0*p - 2*p - 5*z, 3*p = 3*z + 3. Let k be 0/3 + -30 - p/(-2). Is 269 - (-5)/(-2)*24/k a prime number?
True
Let l = -578 - -833. Let q = 433 + l. Suppose -u - 147 = -q. Is u a composite number?
False
Suppose 228*b - 227*b - 138457 = 2*q, 4*b - 5*q = 553816. Is b composite?
False
Is ((-1498666)/(-52))/((-4)/(-8)) prime?
True
Let v be 5/90*639519 + (-1)/(-6). Suppose 4*p + 21953 = 4*z - 13571, 0 = -4*z - p + v. Is z prime?
False
Suppose 219*k - 207*k = 203496. Suppose k + 15812 = 10*j. Is j a composite number?
True
Let l(k) = -k**2 + 6*k + 5. Let m(j) = 2*j**2 + 2*j + 5. Let i(h) = 3*h**2 + h + 5. Let y(r) = 4*i(r) - 5*m(r). Let u(q) = 3*l(q) + 4*y(q). Is u(18) composite?
True
Suppose -5*r - 27373 = -4*h + 63852, -3*h + 72981 = -4*r. Let m = r - -26246. Is m composite?
True
Suppose -66*n + 9426365 + 6172405 = 0. Is n composite?
True
Let z(d) = -25*d - 296. Let r be z(-12). Suppose 4*j + 15152 = 5*s - 6463, r*j = 4*s - 17288. Is s a prime number?
True
Suppose 833 + 1753 = 2*y. Let a = 8876 - y. Is a a composite number?
False
Suppose 44*g + 37 = 169. Suppose 10*o - 2933 = g*o. Is o a composite number?
False
Let w(b) = 4*b**3 + b**2 + 2*b - 2. Let d be w(1). Suppose -d*f = -10*f + 2215. Is f a prime number?
True
Let h(n) = 7 - 3*n + 8*n + 6 + 8*n + n. Let x = 3 - -2. Is h(x) a prime number?
True
Let t(c) = 98*c - 3 - 85*c - 4*c**3 - 5*c**2 + 6*c**2 + 2*c**3. Is t(-13) prime?
True
Let h = 62 - 65. Let t be h/15 - ((-45852)/10)/6. Is (t/6)/((-22)/(-33)) a composite number?
False
Let i = -140 - -155. Suppose i*l = -5*l + 83540. Is l prime?
True
Suppose 2*v = -4*t + v + 36, 3*v - 36 = -3*t. Let k be ((-2)/1 - t)*211/(-2). Suppose -k = -4*m + 461. Is m a composite number?
False
Suppose 1473*w - 345129 - 720672 = 1440*w. Is w composite?
False
Let r(k) = -k**2 + 9*k - 8. Let c(x) = -6*x**2 + 45*x - 39. Let g(b) = 2*c(b) - 11*r(b). Let u be g(-10). Suppose -92*s + 86*s + 1194 = u. Is s prime?
True
Suppose -4*w + 159 + 37 = 0. Suppose 2*j = -3*f + 59209, 0 = 5*f + w